{"id":52,"date":"2025-03-24T18:01:54","date_gmt":"2025-03-24T17:01:54","guid":{"rendered":"https:\/\/lepointbare.ovh\/?page_id=52"},"modified":"2025-03-24T18:04:30","modified_gmt":"2025-03-24T17:04:30","slug":"bio","status":"publish","type":"page","link":"https:\/\/lepointbare.ovh\/index.php\/bio\/","title":{"rendered":"BIO"},"content":{"rendered":"\n<div class=\"wp-block-columns is-layout-flex wp-container-core-columns-is-layout-9d6595d7 wp-block-columns-is-layout-flex\">\n<div class=\"wp-block-column is-layout-flow wp-block-column-is-layout-flow\">\n<h1 class=\"wp-block-heading\" id=\"h.sypq19wnx80u_l\"><strong>G\u00e9rard :<\/strong><\/h1>\n\n\n\n<p><em>G\u00e9rard Verdun est un aede ,au sens grec du terme : po\u00e8te qui chante ou plus proche de nous \u00ab\u00a0fou chantant\u00a0\u00bb. Il se d\u00e9finit aussi, non comme un po\u00e8te rieur, mais plus dadaistement tel un mo(t)\u00e8te du port de Marseille.<\/em><\/p>\n\n\n\n<p><em>Auteur, compositeur, interpr\u00e8te depuis la fin des ann\u00e9es 1970, donc, sous influence du trio de t\u00eates anarco-po\u00e8tique Brel-Brassens-Ferr\u00e9, talonn\u00e9s de pr\u00eat par leurs poulains Nougaro, B\u00e9ranger, Higelin, Lavilliers, Couture, Pau-Verdier, Gainsbourg et Art Mengo, autant que par leurs pouliches Fontaine, Sanson, T\u00e9kielski, Ringer, Sylvestre.<\/em><\/p>\n\n\n\n<p><em>Comme tout po\u00e8te maudit, nourrit du g\u00e9nie libertaire et de la pens\u00e9e de midi, son verbe se conjugue aux temps de l&rsquo;amour et de l&rsquo;humour, comme aux temps pass\u00e9-pr\u00e9sent-futur de justice, de r\u00e9volte, d&rsquo;ironie et de la terre-m\u00e8re sacr\u00e9e. Ses rimes sont rythm\u00e9es de rock, de punk, de jazz, de soul, de funk, de blues, de Zappa (le barje).<\/em><\/p>\n<\/div>\n\n\n\n<div class=\"wp-block-column is-layout-flow wp-block-column-is-layout-flow\">\n<h1 class=\"wp-block-heading\" id=\"h.v53nxfrm8sgm_l\"><strong>Pierre-Guy :<\/strong><\/h1>\n\n\n\n<p><em>Autodidacte dans de nombreux domaines, j&rsquo;ai d\u00e9but\u00e9 la musique dans les ann\u00e9es 70 en jouant dans un orchestre de bal (Vibration) cr\u00e9\u00e9 par Philippe (mon pote d&rsquo;internat).&nbsp;<\/em><\/p>\n\n\n\n<p><em>Un petit passage par l&rsquo;AMI (Atelier de Musique Improvis\u00e9es) avec Alain Soler et Capucine Ollivier&nbsp;<\/em><em>m&rsquo;a permis d&rsquo;acqu\u00e9rir les bases du jazz.<\/em><\/p>\n\n\n\n<p><em>Depuis, j&rsquo;ai touch\u00e9 \u00e0 pas mal de chose en dilettante; guitare classique, quintet de jazz, musique actuelle amplifi\u00e9e (MAA) et musique assist\u00e9e par ordinateur (MAO) au conservatoire de Manosque dans la classe de David Carion et d&rsquo;Arthur Bill\u00e8s.&nbsp;<\/em><\/p>\n\n\n\n<p><em>Sans oublier Jos\u00e9 (Walter),&nbsp;<\/em><em>T<\/em><em>homas (Weirich),&nbsp; S\u00e9bastien (Carretier), Christophe (Genoux), Carl (Bouchaux), Eric (Casanova), Christophe (Leloil) et Nicolas (Goussot) qui m&rsquo;ont guid\u00e9 durant mon parcours musical.<\/em><\/p>\n<\/div>\n<\/div>\n\n\n\n<p class=\"has-text-align-center\">Pendant les ann\u00e9es 1990, Pierre Guy &amp; G\u00e9rard ont \u00e9t\u00e9 membres du groupe \u00ab\u00a0Abdel Scott\u00a0\u00bb qui connut un succ\u00e8s r\u00e9gional; aujourd&rsquo;hui, ils forment le duo nomm\u00e9 : \u00ab\u00a0Le\u2022Bare\u00a0\u00bb<em>.\u00a0<\/em><br><em>Le point qui est la plus petite unit\u00e9 graphique sert \u00e0 \u00e9laborer des constructions infinies de lignes et de signes. Le point, un d\u00e9but, le commencement de tous langages.<\/em><br><em>Bare : en anglais signifie ce qui est nu, d\u00e9pouill\u00e9, d\u00e9voil\u00e9. Le point mis \u00e0 nu tel un message int\u00e8gre, engag\u00e9 et d\u00e9gag\u00e9 \u00e0 la fois&#8230;<\/em><br><em>En fran\u00e7ais l&rsquo;expression \u00ab\u00a0un point barre\u00a0\u00bb (\u2022\/ ) d\u00e9signe une terminaison p\u00e9remptoire, <\/em><br><em>un point d&rsquo;honneur \u00e0 finir.\u00a0<\/em><br><em>Le<\/em>\u2022<em>Bare : (la naissance, la vie, la mort) un jeu de mots franglais qui comme en musique d\u00e9termine une intro., une expression, des sensations et un final.<\/em><\/p>\n","protected":false},"excerpt":{"rendered":"<p>G\u00e9rard : G\u00e9rard Verdun est un aede ,au sens grec du terme : po\u00e8te qui chante ou plus proche de nous \u00ab\u00a0fou chantant\u00a0\u00bb. Il se d\u00e9finit aussi, non comme un po\u00e8te rieur, mais plus dadaistement tel un mo(t)\u00e8te du port &hellip; <a href=\"https:\/\/lepointbare.ovh\/index.php\/bio\/\">Continuer la lecture <span class=\"meta-nav\">&rarr;<\/span><\/a><\/p>\n","protected":false},"author":1,"featured_media":0,"parent":0,"menu_order":0,"comment_status":"closed","ping_status":"closed","template":"","meta":{"footnotes":""},"class_list":["post-52","page","type-page","status-publish","hentry"],"_links":{"self":[{"href":"https:\/\/lepointbare.ovh\/index.php\/wp-json\/wp\/v2\/pages\/52","targetHints":{"allow":["GET"]}}],"collection":[{"href":"https:\/\/lepointbare.ovh\/index.php\/wp-json\/wp\/v2\/pages"}],"about":[{"href":"https:\/\/lepointbare.ovh\/index.php\/wp-json\/wp\/v2\/types\/page"}],"author":[{"embeddable":true,"href":"https:\/\/lepointbare.ovh\/index.php\/wp-json\/wp\/v2\/users\/1"}],"replies":[{"embeddable":true,"href":"https:\/\/lepointbare.ovh\/index.php\/wp-json\/wp\/v2\/comments?post=52"}],"version-history":[{"count":2,"href":"https:\/\/lepointbare.ovh\/index.php\/wp-json\/wp\/v2\/pages\/52\/revisions"}],"predecessor-version":[{"id":54,"href":"https:\/\/lepointbare.ovh\/index.php\/wp-json\/wp\/v2\/pages\/52\/revisions\/54"}],"wp:attachment":[{"href":"https:\/\/lepointbare.ovh\/index.php\/wp-json\/wp\/v2\/media?parent=52"}],"curies":[{"name":"wp","href":"https:\/\/api.w.org\/{rel}","templated":true}]}}